x. Is f a prime number?
False
Let a = 2058 - 1151. Is a a composite number?
False
Let c = 335 - -554. Is c a composite number?
True
Let u be -1*2 - 6*-1. Suppose 2*f = u + 6. Let j(b) = b**2 + 6*b. Is j(f) composite?
True
Let f = -429 + 6844. Is f a prime number?
False
Suppose 0*b + 120 = -4*b. Let g = 109 + b. Is g composite?
False
Let y be (0/1)/(-1 + 2). Suppose -5*d - 2 = p + 2, 4*p = -4*d. Is (y - 42/3)/d a composite number?
True
Suppose -2*r + 0*r + 664 = 0. Suppose -4*y = -4*c - r, -2*y + 6*y - 304 = -3*c. Is y composite?
False
Let k(u) = 29*u**2 - 9*u + 43. Is k(12) a prime number?
True
Let f(v) = 2*v**2 + 12*v - 10. Let r(n) = -3*n**3 + 3*n**2. Let p be r(2). Is f(p) a composite number?
True
Let m(z) = -9*z - 2. Let v be m(-2). Let f = -63 - v. Let g = -44 - f. Is g composite?
True
Let v be -4 + 1 + 9/1. Is (2/v + -2)*-447 a composite number?
True
Let x = 4150 + -2753. Is x composite?
True
Let g = -6 + 8. Suppose -3*f + 55 = g*v, 3*f + v - 54 = -2*v. Is f composite?
False
Let g(v) = -9*v - 4. Let a be g(4). Let p = 225 - a. Is p prime?
False
Let r(u) = u**3 + 13*u**2 + 3. Let j be r(-13). Let x be (j - 5)*(-3)/2. Suppose x*v + 27 = -4*i + 160, 4*v + 2*i = 194. Is v a prime number?
False
Let k(i) = 146*i**2 - 3*i + 2. Let j(d) = -d + 1. Let t(v) = -j(v) + k(v). Is t(1) prime?
False
Let n(p) = -p + 5. Let s(c) = -15*c + 70. Let j(g) = -55*n(g) + 4*s(g). Let a(w) = 2*w - 3. Let v(l) = 11*a(l) + 6*j(l). Is v(-5) prime?
True
Let c(g) = -g**2 - 9*g - 2. Let u be c(-7). Is 185/6 - (-2)/u a prime number?
True
Let n(r) = r**2 - 6*r + 2. Let j be n(6). Is (19/2)/(1/j) prime?
True
Let y(u) = 4*u**2 + 11*u - 3. Is y(-10) prime?
False
Let z be -4 + 8 - 6/(-2). Let u(y) = 3*y**2 + 7*y + 13. Is u(z) a prime number?
False
Let q = 274 - 392. Suppose -7*f = -3*f + 692. Let v = q - f. Is v a composite number?
True
Let g = -134 - -537. Is g a composite number?
True
Is 4 + -8 - -545 - 0/(-2) a composite number?
False
Let b = 166 - 78. Let s(t) = 4*t**2 + t. Let l be s(2). Suppose -2*u - l + b = 0. Is u prime?
False
Is -1*1 + 3042/9 a composite number?
False
Let k(t) be the second derivative of -t**5/20 + 5*t**4/6 + 4*t**3/3 - 4*t**2 + 2*t. Is k(9) prime?
False
Let j(y) be the third derivative of -y**6/120 - y**5/10 + y**4/12 + y**3/2 + 5*y**2. Let n be j(-5). Let r = 66 + n. Is r composite?
True
Let l = -2 - -76. Is l a composite number?
True
Let u = 929 + -622. Is u composite?
False
Suppose 8370 = 3*a - 3459. Is a a prime number?
True
Let a(z) = -z**3 - 6*z - 1. Let y = 15 - 21. Is a(y) a composite number?
False
Let t = 355 + -48. Is t composite?
False
Let u(w) = 91*w - 6. Is u(5) a prime number?
True
Let d(j) = -2 - j + 0 + 6. Let v be d(2). Let f(p) = 6*p**3 - p**2 + 3*p - 1. Is f(v) prime?
False
Suppose 3*g - 7511 = -4*j, -4*j + 4*g - 5*g = -7509. Let l = -1246 + j. Is l a composite number?
False
Let s(z) = 2*z**2 + z + 4. Is s(7) a composite number?
False
Is 3 + 30 + (2 - -2) a prime number?
True
Let p be ((-168)/9)/((-3)/9). Suppose -3 = -d - 1. Suppose 4*x = -d*j + 218, 5*x = 4*j - p + 335. Is x a prime number?
False
Suppose -3*n + 82 = -131. Is n a prime number?
True
Let c = 0 + 1. Let t(z) be the third derivative of z**5/4 - z**4/12 + z**3/6 - 3*z**2. Is t(c) a composite number?
True
Let t be -3 - ((-6)/5)/(2/(-5)). Suppose -3*q - 21 = -3*y, 3*y + 41 = 8*y - 3*q. Let x = y + t. Is x composite?
True
Let f = -290 - -511. Is f composite?
True
Suppose -4*a + 914 + 230 = 0. Suppose -3*s + s - 2*k = -a, 4*k = 3*s - 394. Suppose 5*o - 319 = 3*r, -6*o + 4*o - 4*r = -s. Is o a composite number?
True
Let a = 77 + -26. Let z = -20 + a. Is z composite?
False
Suppose 25 = 5*u - 0. Suppose -u*o = -8 - 12. Suppose 105 = o*w - w. Is w composite?
True
Let c(j) = 500*j**2 + 4*j + 3. Let y be c(-2). Suppose -b = 4*b - y. Let g = -148 + b. Is g prime?
True
Suppose 0 = -a - 0*a - 2, 0 = -5*s - 3*a - 21. Let u = s - -7. Suppose -4*b - b - 115 = -u*r, 2*b = -2*r + 80. Is r a composite number?
True
Is (48/9)/(-8) - 1901/(-3) a composite number?
True
Is -5*-46*(-4)/(-8) a composite number?
True
Let b(z) be the first derivative of -z**7/840 - z**6/360 + 35*z**4/24 - 2*z**3/3 - 3. Let h(d) be the third derivative of b(d). Is h(0) prime?
False
Suppose 2*v - v + 2*y - 4 = 0, -4*v + 2*y = 4. Let s = 69 + v. Is s a composite number?
True
Let y = 17 + 2. Suppose 4*p - y = -m, 5*m = -5*p + 2*p + 27. Suppose t - p*t + 399 = 0. Is t a composite number?
True
Suppose -2*w + 147 = x, 4*x - 142 = 3*x + 3*w. Is x a prime number?
False
Let n(a) = 2*a**2 + 3*a - 2. Let b be n(2). Is 279/b*12/9 a composite number?
False
Let j(w) = -w - 2. Let b be j(-5). Let t(r) = 2*r**3 - 3*r**2 - 2*r + 4. Is t(b) a composite number?
True
Let v(w) = 3 + 4*w**2 + w**3 + 3 - 5. Is v(-3) a prime number?
False
Let q(s) = -s**3 - 5*s**2 + 7*s + 8. Let y be q(-6). Let a(n) = 11*n**2 + 2*n - 2. Is a(y) composite?
True
Let s(u) = u**2 - 14*u - 1. Let a(q) = q. Let v(x) = -4*a(x) - s(x). Is v(7) a composite number?
True
Suppose 5*d + 1147 = 3*o, 369 = o + 2*d + 3*d. Is o a prime number?
True
Let d = -96 - -42. Suppose -5*y - 170 + 655 = 0. Let u = y + d. Is u composite?
False
Suppose -4*y = -3*g + 51 - 568, 0 = -2*y + 2. Let r = g + 326. Is r prime?
False
Let u be 18*(1 + (-4)/(-3)). Suppose 5*q - u - 13 = 0. Let n(t) = t**2 - 10*t + 8. Is n(q) a composite number?
False
Suppose -4*i - 4*i = -1432. Is i prime?
True
Suppose 0 = -2*i - 0 - 2. Let o be i/(-2)*(9 + 1). Let q = o - -74. Is q composite?
False
Let h = 3 - 3. Let y(w) = w**2 - w - 2. Let v be y(3). Suppose h = -v*t - 36 + 96. Is t prime?
False
Suppose -285 = -3*n - 0*n. Suppose 3*q - 20 - n = z, -4 = -q. Let c = z - -150. Is c a prime number?
True
Suppose -2*z + 463 - 129 = 4*r, 165 = 2*r + 3*z. Let g = r + -5. Is g prime?
True
Suppose 2*a = x - 33, 2*x - a = -2*a + 51. Is 2/2 - x*-6 composite?
False
Let l(r) = r**3 + 8*r**2 + 10*r + 5. Let h be l(-7). Let j be 3*20 - h/8. Suppose -5*f + j + 33 = 0. Is f a prime number?
True
Suppose -u + 12 = -2*t, 0 = -5*u - 4*t + 5*t + 15. Suppose 0 = -u*l + 167 - 13. Is l a composite number?
True
Suppose 5*v + 4*s = 3*v + 696, v - s - 336 = 0. Suppose 0*q + 4*q = v. Is q a prime number?
False
Let d = 47 - 4. Is d a composite number?
False
Suppose 3*o + 0 = 2*l + 1, -3*o + 29 = 5*l. Let h = -27 - -38. Suppose -h = -l*a + 29. Is a prime?
False
Let o(x) = -64*x - 1. Is o(-2) prime?
True
Suppose n - 2 = 4*a - 13, 3*a - 3*n = 6. Suppose -a*v = z - 84 - 98, -5*v + 538 = 3*z. Let b = 263 - z. Is b a prime number?
False
Suppose -4*n + 2*c - 18 = -2*n, -2*c + 22 = -3*n. Let o(u) = -4*u**2 - u + 9*u**2 - 4*u**2 - 1. Is o(n) a prime number?
True
Suppose 0 = 4*v - 0*r + 5*r - 24, 14 = 2*v + 3*r. Let f(t) = -t - 1. Let o be f(8). Is -1 - (o - (v - 0)) prime?
False
Suppose 20 = -2*t + 7*t. Let g = 69 - t. Is g prime?
False
Suppose -15778 = -6*x + 668. Is x composite?
False
Let j = -26 - -783. Is j composite?
False
Let s(d) = 21*d + 9. Let y be s(-8). Is (-1)/(3/y*1) prime?
True
Let m = -6 - -8. Is (-2 - 0 - -28)/m prime?
True
Suppose 2*r = 3*g + 347, -4*g + 368 = 2*r - 0*r. Suppose -r = -0*z - z. Suppose 3*t - t - z = 0. Is t a prime number?
True
Let h(p) = -p - 1. Let a be h(-3). Suppose a*c = -3*c + 415. Let i = -30 + c. Is i a composite number?
False
Suppose 3*i - 13 = -4. Let n be 2*2/(-4 - -6). Suppose s - 121 = -n*f, -6*s = -3*s - i*f - 354. Is s composite?
True
Suppose 6*y - 2*y = 2*v + 542, 4*y + 3*v = 567. Suppose -2*j + y = -0*j. Is j prime?
False
Suppose 5*c - 263 = 1377. Suppose 0 = -3*o + c + 737. Is o a prime number?
False
Let z = 27 + -8. Let d = z + -3. Let q = -9 + d. Is q a prime number?
True
Let p be (-225 + 4)/(1/3). Let q = p + 1212. Suppose 0*k = -3*k + q. Is k a prime number?
False
Let d be (36/21)/((-2)/(-7)). Suppose -d*l = -9*l + 561. Is l composite?
True
Suppose 5*q - 4*m = -m + 4, 0 = q + 5*m - 12. Suppose 2*j - 30 = 4*b + b, 0 = q*b + 4*j - 12. Let t(s) = -s**3 + 2*s - 3. Is t(b) composite?
False
Suppose -3*a + a + 278 = 0. Is a a composite number?
False
Suppose 5*p + 4*q - 4539 = 0, -2*p = -2*q - 1492 - 338. Is p composite?
False
Let b(k) = k**3 - 6*k**2 + 6*k - 1. Let a be 10/((-6)/(-3) + 0). Let o be b(a). Suppose u + o*u = 195. Is u a composite number?
True
Let d be (-12)/(-8)*(-16)/(-6). Suppo